r when j is divided by u?
19
Suppose 5*g - 65 - 15 = -5*j, 0 = -5*j - 3*g + 80. Let x be 3*(j/(-6))/(-4). Let n = x - -1. What is the remainder when 7 is divided by n?
1
Suppose 2*m = 4*y + 16, 4*m = -3*y + 10 - 0. Let h = y + 15. Suppose -h + 3 = -a. Calculate the remainder when 19 is divided by a.
9
Suppose 2*b + 48 = -2*z, -4*b - 3*z - 2*z = 92. Let q = b - -87. Calculate the remainder when q is divided by 15.
14
Let y(f) = -f**3 + 5*f**2 + 6*f + 3. Calculate the remainder when y(5) is divided by 18.
15
Let q(b) = b**2 - 6*b + 7. Let g(t) = -t**2 + 4. Suppose w + 3*n = -3, 4*n - 2*n + 2 = 3*w. Calculate the remainder when q(6) is divided by g(w).
3
Suppose 0 = 4*t - 5 - 3. Suppose -2*w + 2*c + 20 = 0, -t*w + 5*c - 40 = -3*w. Calculate the remainder when w is divided by 6.
3
Let o be (8/(-24))/(1/(-15)). Let a be (1 + 0)*-1 + 43. Suppose 6*j - 4*j + x = 26, 2*j + o*x - a = 0. Calculate the remainder when 32 is divided by j.
10
Let o = 250 + -167. What is the remainder when o is divided by 12?
11
Suppose 0 = -2*k - 2*o + 120, 6*k - k - 272 = 2*o. Calculate the remainder when 13 is divided by (-5)/(-1)*k/35.
5
Let q = 3 + 2. Suppose -2*u + 7 = -q. Suppose 4*a - 5*a + 12 = n, 5*n - 100 = 3*a. Calculate the remainder when n is divided by u.
5
Let h = 44 - 9. Let s(p) = 6*p**2 - 4*p + 2. What is the remainder when h is divided by s(2)?
17
Suppose 5*l - 17 = c - 1, 1 = -c + 2*l. What is the remainder when 38 is divided by c?
2
Suppose l - 2*l + 5*o = -92, -3*l + 2*o + 224 = 0. Suppose -3*j = -j - l. What is the remainder when j is divided by 13?
10
Let r = 90 + -52. What is the remainder when r is divided by (-364)/(-35) + (-4)/10?
8
Let k be (-1 - 2) + 0 + 0. Let v = 8 + k. Calculate the remainder when 14 is divided by v.
4
Let h = -9 + 14. Suppose -86 = -h*q + 59. What is the remainder when 56 is divided by q?
27
Let p(m) = m - 5. Let u be p(7). Suppose -u*n + 0*n + 46 = 0. Suppose 0 = q - 2*t - n, -q + 5*t = 4*q - 110. What is the remainder when q is divided by 11?
10
Suppose 3*s + 21 = 4*s. What is the remainder when s is divided by 14?
7
Let a(j) = 2*j - 3. Calculate the remainder when (120/35)/((-2)/(-7)) is divided by a(5).
5
Calculate the remainder when (-208)/(-8)*(-2)/(-4) is divided by 5.
3
Suppose 36 = 21*g - 17*g. What is the remainder when 51 is divided by g?
6
Let a = 8 - -23. Let g = 41 + -10. Suppose -3*c - 3*m = -27, -3*m = 3*c - 2*m - g. Calculate the remainder when a is divided by c.
9
Let z(o) = o**3 - 5*o**2 - 7*o - 2. What is the remainder when z(7) is divided by 7?
5
What is the remainder when ((-2)/(-5))/(5812/830 - 7) is divided by 21?
19
Suppose -2*n = 3*n. Suppose 0*y + 3*y - 3 = n. Suppose 3*o = -2*r + 13, 2*o + 0*r = r - 3. Calculate the remainder when y is divided by o.
0
Suppose -4*u - 274 = -5*t - 0*u, 5*t + 4*u = 306. Calculate the remainder when t is divided by 15.
13
Suppose 0 = -4*w - 5*m + 128, 3*w + 19 - 96 = m. What is the remainder when 66 is divided by w?
12
Let z = 75 - -58. Calculate the remainder when z is divided by 34.
31
Suppose -3*k + 1 = 10, 0 = -y + 3*k + 20. Suppose 2 = -5*q + 162. Let l = -1 + q. Calculate the remainder when l is divided by y.
9
Let q = -2 - -3. Let t be (1 + 8)*2/2. Calculate the remainder when q is divided by (-1 - 1) + t/3.
0
Let i(j) = 3*j + 11*j + 13 + j - j**2. Calculate the remainder when i(11) is divided by 15.
12
Let i(z) = -4*z - 7. Calculate the remainder when i(-7) is divided by 12.
9
Let d(l) = -l**3 + 10*l**2 + 4. Let p be d(10). Suppose -p*u = -82 - 18. Let o(g) = 6*g - 3. What is the remainder when u is divided by o(2)?
7
Let b(i) = -i**2 - 12*i - 13. Calculate the remainder when 11 is divided by b(-10).
4
Let s be (-12)/(0 - -3) + -2. Let f(u) = u**3 + 6*u**2 - 6*u - 9. What is the remainder when f(s) is divided by 7?
6
Suppose -4*q - 34 = -6*q. Suppose 4*m + 11 = 3*w + 56, 0 = -2*m - 5*w + 3. Calculate the remainder when q is divided by m.
8
Suppose -14 = 3*p - 65. Calculate the remainder when p is divided by 5.
2
Let z(c) = -c**3 - c**2 - 6. Let p be z(0). Let l = p + 15. What is the remainder when 2/(-10) + 262/10 is divided by l?
8
Let h(z) = 13*z**2 - 1. Calculate the remainder when 19 is divided by h(-1).
7
Let u(c) = -c - 1. Let p be u(0). Calculate the remainder when 40 is divided by 2 - (p + -19) - 1.
19
Suppose 3*g + 5 = 38. Let p = 38 - g. Suppose -11*h + 60 = -7*h. Calculate the remainder when p is divided by h.
12
Let i(r) = -149*r**3 + r**2. Calculate the remainder when i(-1) is divided by 38.
36
Suppose -9 = -2*l + 7. Suppose 4*q + 2*q = 174. What is the remainder when q is divided by l?
5
Suppose -19 = -2*g + 5*k, 5*k - 47 = -g - 0*g. Let b = 5 + 25. Suppose 18 = 4*v - b. What is the remainder when g is divided by v?
10
Let n(g) = 3*g**3 - 6*g**2 - 11*g + 22. Let a = -41 + 71. Calculate the remainder when a is divided by n(3).
14
Let k(r) = -r + 4. Let u be k(0). Suppose -q = u*q. Suppose 2*a + a - 57 = q. What is the remainder when a is divided by 10?
9
Let f = -5 + 18. Let v = 13 + f. Suppose 3*c - 7*c + 38 = o, 34 = 4*c - o. What is the remainder when v is divided by c?
8
Let u(c) = -2*c + 0*c + 9*c**2 + 1 + 3*c. Suppose -3*l = -2*z - 6 + 1, -4 = z. What is the remainder when 26 is divided by u(l)?
8
Suppose -5*t = -3*t - k - 45, 0 = 2*t + 2*k - 30. What is the remainder when 58 is divided by t?
18
Let y(k) = k**3 - k**2 + 2*k + 12. What is the remainder when 43 is divided by y(0)?
7
Suppose 2*v - 9 = 29. Let b be (22/3)/((-2)/(-24)). Let n = b + -52. What is the remainder when n is divided by v?
17
Let q(u) be the second derivative of 53*u**4/12 + u**3/3 + u**2/2 + 2*u. Let b be q(-1). Suppose b = 4*n - 0*n. What is the remainder when 37 is divided by n?
11
Let l = -122 + 130. What is the remainder when 21 is divided by l?
5
Suppose f = 6*f - 20. Suppose 0 = -6*p + f*p + 14. Calculate the remainder when 25 is divided by p.
4
Let c = -26 + 46. Suppose -7 = 3*s - 31. Suppose 2 = -2*r + 6, -3*r = -2*v + s. What is the remainder when c is divided by v?
6
What is the remainder when 1*(-11)/(-1) + 1 is divided by -2 + -1 + 1 + 9?
5
Let w = -294 - -304. Let m = 32 + -15. What is the remainder when m is divided by w?
7
Suppose 0 = 4*g - y - 131, 2*g - g - 26 = -2*y. What is the remainder when 62 is divided by g?
30
Let o be (17 - -1)*(-102)/12. Let h = -107 - o. What is the remainder when h is divided by (-17)/(-3 - -2) + -1?
14
Let i be (-2)/(-2) + 104 + -1. Let u = 148 - i. What is the remainder when u is divided by 23?
21
What is the remainder when 3/5 - (-1860)/25 is divided by 19?
18
Suppose 4*k + 4 = 68. Calculate the remainder when k is divided by 6.
4
Suppose 5*c = -2*j + 3*j - 10, 3*j - 4*c = 63. Suppose -5*d + 3*d + 50 = -3*y, d - j = y. Calculate the remainder when d is divided by 13.
12
Let p(i) = -i - 4. Suppose -4*v - 19 = -3*c, 3*c + 0*c + 16 = -v. What is the remainder when 8 is divided by p(v)?
2
Let z = -3 + 13. Let d(j) = -j**3 - 5*j**2 - 3*j + 5. Let c be d(-5). Let h = -14 + c. Calculate the remainder when z is divided by h.
4
Calculate the remainder when (1 + 20/(-12))*-33 is divided by 12.
10
Let w(c) = 7*c - 1. Let s be 22/55 + (-13)/(-5). What is the remainder when w(s) is divided by 7?
6
Let l(m) = -3*m**3 - 3*m**3 - 5*m - 4*m**2 + 7*m**3. Calculate the remainder when l(6) is divided by 11.
9
Let a be (-4 - -1)*(0 - 1). Suppose -30 = -a*y - 2*y. Let p(k) = k**3 - 4*k**2 - 2*k + 2. What is the remainder when p(5) is divided by y?
5
Suppose 0*f = 4*f + 4*o - 56, 5*f - 74 = -4*o. What is the remainder when 63 is divided by f?
9
Let n(f) = -f**3 + 7*f**2 + 8*f + 5. Let h be n(8). Suppose 4*w = -h*z + 74, -z + 0 = 5*w + 2. What is the remainder when 292/z - (-4)/(-18) is divided by 9?
7
Let d = -25 + 43. Let u = -4 - -14. What is the remainder when d is divided by u?
8
Let s(d) = -d**3 - 10*d**2 - 2*d - 11. Suppose 6*y = 4*y + 32. What is the remainder when y is divided by s(-10)?
7
Let b(g) = g + 5. Let n(q) = -2*q - 9. Let f(w) = -7*b(w) - 4*n(w). Let x be f(0). Calculate the remainder when 5 is divided by x + 3*(-1)/(-3).
1
Let k(d) = d**2 + 8*d + 4. Let g be k(-7). Let p = 11 + g. Suppose -4*x = x + 4*q - 12, 4*x + 4*q - p = 0. Calculate the remainder when 7 is divided by x.
3
Let u(o) = -o**3 + 8*o**2 + 10*o - 3. Let k 